
-459 (base 10) to base 13
-294
What is 2203 (base 5) in base 15?
153
What is -523 (base 7) in base 10?
-262
Convert 31114 (base 6) to base 13.
1b73
Convert 31024 (base 8) to base 9.
18524
What is -1df (base 16) in base 7?
-1253
-15121 (base 6) to base 13
-1147
-458 (base 11) to base 4
-20203
What is 2708 (base 10) in base 13?
1304
1000110111 (base 2) to base 16
237
Convert 100010111001110 (base 2) to base 13.
8198
-166 (base 14) to base 7
-556
-11b9 (base 13) to base 2
-100111010110
What is -a08 (base 14) in base 12?
-1180
-c3c (base 13) to base 7
-6030
Convert -1291b (base 13) to base 7.
-202404
Convert 10001110101111110 (base 2) to base 16.
11d7e
What is -2447 (base 10) in base 6?
-15155
Convert 13666 (base 7) to base 16.
ebc
16561 (base 8) to base 12
4441
Convert 12112221 (base 3) to base 14.
1692
What is -239 (base 10) in base 3?
-22212
-40604 (base 7) to base 13
-4679
Convert 3aa (base 15) to base 16.
343
What is 1348 (base 13) in base 15?
c44
What is 2173a (base 12) in base 11?
30281
-878 (base 15) to base 7
-5402
-1432223 (base 5) to base 14
-b093
Convert 12001020 (base 4) to base 11.
17578
Convert -567 (base 13) to base 14.
-4a6
What is -11001110 (base 3) in base 2?
-101110001011
Convert 1298 (base 10) to base 2.
10100010010
-2770 (base 12) to base 10
-4548
130112 (base 4) to base 13
a97
What is 12043 (base 5) in base 2?
1110000010
What is -56b (base 13) in base 11?
-77a
What is -325 (base 15) in base 7?
-2033
Convert 10311 (base 4) to base 13.
1aa
-127156 (base 8) to base 3
-2021020212
-7329 (base 10) to base 15
-2289
32033313 (base 4) to base 5
3331414
What is -110010110 (base 2) in base 4?
-12112
What is 10000000 (base 2) in base 13?
9b
Convert -3203 (base 7) to base 3.
-1112212
What is -4818 (base 9) in base 3?
-11220122
What is -17732 (base 9) in base 15?
-3975
What is -3040 (base 5) in base 12?
-28b
What is 1f7c (base 16) in base 7?
32333
-985 (base 16) to base 10
-2437
Convert 40413 (base 5) to base 2.
101000110000
Convert 19945 (base 11) to base 13.
c833
14359 (base 10) to base 9
21624
Convert -12242 (base 6) to base 12.
-1082
What is 27732 (base 8) in base 10?
12250
Convert 22 (base 15) to base 2.
100000
What is -105a (base 12) in base 6?
-12154
Convert -109e (base 16) to base 14.
-179c
-10000110001111 (base 2) to base 14
-31b9
What is -3142 (base 6) in base 13?
-428
Convert -ec3 (base 15) to base 7.
-12501
Convert 265 (base 13) to base 11.
353
621 (base 7) to base 10
309
1322 (base 5) to base 2
11010100
Convert 700 (base 9) to base 13.
348
What is 2055 (base 8) in base 9?
1417
What is -22532 (base 6) in base 12?
-1a48
What is 1280 (base 9) in base 11?
7a6
1102 (base 12) to base 13
b12
What is -288 (base 12) in base 9?
-475
What is -267 (base 13) in base 3?
-120200
Convert -11111011011 (base 2) to base 14.
-a39
Convert 69 (base 12) to base 2.
1010001
Convert 1325 (base 7) to base 9.
625
-5410 (base 6) to base 8
-2316
-13040 (base 5) to base 8
-1774
131243 (base 6) to base 13
55b6
What is 1771 (base 12) in base 10?
2821
What is -2220021 (base 3) in base 12?
-1281
What is 5568 (base 16) in base 3?
1002222210
Convert -260 (base 15) to base 5.
-4130
What is -1101100101 (base 2) in base 14?
-461
7830 (base 15) to base 4
12031332
863 (base 9) to base 3
222010
Convert 4346 (base 11) to base 8.
13151
What is -81ab (base 14) in base 16?
-571b
-3224 (base 9) to base 11
-1866
Convert 220212201 (base 3) to base 5.
1040021
11821 (base 9) to base 16
1f15
Convert -1771 (base 13) to base 5.
-102342
1000001011111 (base 2) to base 9
5666
-25b (base 12) to base 13
-218
30333121 (base 4) to base 16
cfd9
Convert -38a (base 14) to base 11.
-596
Convert 342046 (base 7) to base 5.
3420440
What is -33297 (base 11) in base 5?
-3021024
What is -1794 (base 15) in base 12?
-2b41
4b0 (base 15) to base 6
4533
2295 (base 12) to base 11
2997
What is 1611 (base 9) in base 3?
1200101
What is -881 (base 9) in base 7?
-2050
27a1 (base 13) to base 8
13114
What is -10210022 (base 3) in base 4?
-223022
What is 10485 (base 9) in base 8?
15462
Convert -22b (base 12) to base 14.
-191
Convert -62 (base 9) to base 14.
-40
What is -1110101 (base 2) in base 16?
-75
Convert -141204 (base 5) to base 6.
-42512
Convert -10110022101 (base 3) to base 2.
-10000100110110111
1100000101 (base 2) to base 8
1405
10100101001 (base 2) to base 7
3565
Convert -5146 (base 7) to base 5.
-24143
-6144 (base 14) to base 10
-16720
-13cab (base 15) to base 8
-174173
-30034 (base 6) to base 15
-125a
What is 3045 (base 7) in base 10?
1062
Convert b15 (base 15) to base 14.
ca3
What is -442 (base 5) in base 10?
-122
What is -918 (base 13) in base 8?
-3006
4340 (base 7) to base 13
920
What is -10111111010 (base 2) in base 3?
-2002200
What is -24769 (base 11) in base 4?
-20223020
-1542 (base 8) to base 12
-602
Convert -94 (base 13) to base 8.
-171
30d4 (base 14) to base 12
4a56
Convert 3b9c (base 14) to base 3.
112102212
Convert 21e (base 15) to base 14.
263
Convert 1d67 (base 15) to base 7.
24436
What is 142544 (base 7) in base 14?
9d94
13302 (base 6) to base 5
31204
1446 (base 9) to base 6
5023
Convert -6365 (base 7) to base 6.
-14232
Convert 551343 (base 6) to base 7.
250161
-1471 (base 12) to base 5
-34024
What is -305 (base 8) in base 15?
-d2
What is -25314 (base 6) in base 4?
-323032
45663 (base 8) to base 12
b26b
Convert -352 (base 10) to base 13.
-211
Convert 16573 (base 9) to base 5.
331111
What is -6522 (base 10) in base 12?
-3936
What is -13023 (base 4) in base 3?
-122000
Convert -2820 (base 10) to base 13.
-138c
What is -1000110011 (base 2) in base 12?
-3ab
Convert -13375 (base 16) to base 11.
-54154
What is -79b0 (base 16) in base 6?
-400120
1570 (base 9) to base 16
4ad
-1314000 (base 5) to base 2
-110011000001101
Convert -12406 (base 7) to base 6.
-23121
Convert 32740 (base 10) to base 7.
164311
Convert 420 (base 9) to base 7.
666
-1212111 (base 3) to base 12
-957
-3215 (base 8) to base 13
-9c0
Convert -ca (base 15) to base 6.
-514
What is -573 (base 13) in base 8?
-1653
7d5d (base 15) to base 11
19017
-220351 (base 7) to base 5
-2213344
-555a (base 11) to base 13
-3446
11000322 (base 4) to base 15
6143
Convert 1707 (base 8) to base 3.
1022211
Convert 2063 (base 10) to base 7.
6005
What is -223 (base 10) in base 2?
-11011111
Convert -11101102 (base 3) to base 6.
-22445
-20311 (base 4) to base 11
-474
Convert 1611 (base 13) to base 16.
c99
2b77 (base 16) to base 5
324002
What is -9287 (base 10) in base 9?
-13658
Convert 75 (base 13) to base 12.
80
What is 523034 (base 6) in base 4?
22102132
-942 (base 16) to base 15
-a80
Convert 1149 (base 15) to base 6.
24553
Convert 6328 (base 10) to base 6.
45144
-282 (base 14) to base 7
-1322
1376 (base 15) to base 8
10101
Convert 3d6d (base 14) to base 12.
6365
Convert -303 (base 12) to base 8.
-663
What is -2012 (base 11) in base 15?
-bd5
Convert -44246 (base 9) to base 6.
-343540
Convert 316 (base 16) to base 2.
1100010110
Convert 3304 (base 15) to base 8.
25064
6ebc (base 15) to base 10
23577
-660a (base 13) to base 16
-377e
Convert -2143 (base 8) to base 10.
-1123
-13094 (base 11) to base 12
-aa15
Convert 21121 (base 3) to base 16.
cd
3389 (base 13) to base 15
220b
Convert 31311 (base 6) to base 9.
5707
2802 (base 14) to base 10
7058
What is 228 (base 10) in base 6?
1020
Convert 725 (base 8) to base 7.
1240
Convert 1112002001 (base 3) to base 10.
29944
-21330 (base 4) to base 6
-2540
What is -b15 (base 12) in base 2?
-11001000001
What is 11088 (base 9) in base 16?
1cca
What is 314210 (base 5) in base 13?
4a5c
Convert 33c (base 14) to base 16.
282
What is -20c (base 13) in base 10?
-350
What is -14a3 (base 11) in base 8?
-3610
What is 2 (base 14) in base 9?
2
What is 152323 (base 6) in base 7?
61116
What is 1052 (base 11) in base 9?
1812
What is -c80 (base 14) in base 9?
-3337
-2610 (base 8) to base 9
-1843
-2330323 (base 5) to base 14
-11740
Convert 4201 (base 6) to base 4.
32221
What is -2320 (base 13) in base 12?
-2a27
Convert 5214 (base 7) to base 8.
3440
What is 1a045 (base 12) in base 8?
112265
-1146 (base 7) to base 4
-12222
1131310 (base 4) to base 8
13564
-41510 (base 6) to base 14
-2070
-10131003 (base 4) to base 15
-5613
-41176 (base 8) to base 3
-212100110
What is -752 (base 9) in base 3?
-211202
Convert 202120 (base 3) to base 1